
4a
-6 (base 7) to base 16
-6
What is 10 (base 3) in base 14?
3
What is -3 (base 7) in base 8?
-3
Convert 11 (base 4) to base 14.
5
Convert -10 (base 16) to base 7.
-22
-1011101 (base 2) to base 5
-333
What is -8 (base 14) in base 8?
-10
1c (base 13) to base 3
221
263 (base 7) to base 8
217
-6 (base 9) to base 3
-20
What is 46 (base 8) in base 14?
2a
a4 (base 11) to base 7
222
What is 100101 (base 2) in base 6?
101
What is -20 (base 4) in base 3?
-22
What is -1 (base 10) in base 15?
-1
What is -10 (base 10) in base 9?
-11
What is 100 (base 3) in base 2?
1001
What is 135 (base 12) in base 4?
2321
What is 5 (base 10) in base 15?
5
-112102 (base 3) to base 14
-1db
-161 (base 8) to base 15
-78
What is b (base 12) in base 13?
b
2 (base 10) to base 14
2
-3 (base 13) to base 9
-3
Convert -23 (base 9) to base 7.
-30
Convert 6 (base 14) to base 10.
6
Convert 2 (base 13) to base 16.
2
What is 1112 (base 3) in base 12?
35
Convert -b4 (base 15) to base 8.
-251
77 (base 8) to base 14
47
What is -1 (base 4) in base 15?
-1
Convert -10 (base 2) to base 4.
-2
Convert -42 (base 8) to base 10.
-34
78 (base 13) to base 5
344
Convert -6 (base 10) to base 3.
-20
Convert -21110 (base 3) to base 5.
-1301
-12 (base 3) to base 13
-5
What is 25 (base 6) in base 13?
14
1e (base 16) to base 3
1010
What is 0 (base 11) in base 14?
0
What is -10 (base 3) in base 2?
-11
Convert -149 (base 10) to base 13.
-b6
What is 15 (base 14) in base 13?
16
What is 384 (base 9) in base 2?
100111111
What is 1 (base 13) in base 16?
1
1d (base 15) to base 7
40
Convert 1101 (base 2) to base 14.
d
What is -2 (base 16) in base 9?
-2
-120 (base 3) to base 13
-12
455 (base 6) to base 3
20122
Convert 26 (base 15) to base 14.
28
-30 (base 16) to base 13
-39
What is 0 (base 6) in base 13?
0
Convert -323 (base 6) to base 11.
-102
Convert 10 (base 8) to base 10.
8
-105 (base 6) to base 7
-56
What is 13 (base 4) in base 12?
7
What is 74 (base 8) in base 11?
55
What is 2 (base 13) in base 3?
2
What is a6 (base 12) in base 6?
330
33 (base 4) to base 13
12
-2 (base 4) to base 12
-2
Convert 277 (base 9) to base 8.
350
What is -6 (base 13) in base 3?
-20
0 (base 3) to base 7
0
What is 10 (base 12) in base 11?
11
-15 (base 11) to base 7
-22
5 (base 16) to base 6
5
-10022 (base 3) to base 9
-108
Convert 2331 (base 4) to base 14.
d7
What is -225 (base 6) in base 8?
-131
Convert 262 (base 8) to base 4.
2302
Convert -301 (base 4) to base 12.
-41
2 (base 6) to base 14
2
What is 11 (base 4) in base 6?
5
What is -7b (base 14) in base 15?
-74
2 (base 3) to base 2
10
-1 (base 3) to base 4
-1
1 (base 15) to base 8
1
Convert -16 (base 12) to base 15.
-13
1002 (base 4) to base 14
4a
What is -10011011 (base 2) in base 11?
-131
What is -7 (base 14) in base 8?
-7
-4 (base 13) to base 7
-4
What is 16 (base 7) in base 12?
11
Convert 20 (base 8) to base 10.
16
221 (base 3) to base 6
41
What is 121 (base 6) in base 16?
31
What is -a2 (base 16) in base 10?
-162
53 (base 9) to base 5
143
Convert 32 (base 5) to base 3.
122
What is 70 (base 9) in base 12?
53
-164 (base 11) to base 7
-362
14 (base 9) to base 6
21
Convert 48 (base 16) to base 7.
132
Convert -4b (base 13) to base 3.
-2100
c7 (base 15) to base 3
20221
38 (base 9) to base 3
1022
What is -2 (base 10) in base 9?
-2
What is 51 (base 6) in base 12?
27
Convert -101 (base 3) to base 15.
-a
Convert -7 (base 10) to base 12.
-7
Convert 39 (base 11) to base 3.
1120
f (base 16) to base 2
1111
What is -3 (base 11) in base 9?
-3
Convert 123 (base 4) to base 12.
23
17 (base 15) to base 3
211
What is -8 (base 9) in base 15?
-8
Convert 7 (base 15) to base 9.
7
186 (base 10) to base 6
510
What is -20 (base 7) in base 15?
-e
What is 0 (base 16) in base 13?
0
What is -c0 (base 13) in base 12?
-110
32 (base 15) to base 13
38
Convert -6c (base 14) to base 2.
-1100000
What is 23 (base 9) in base 13?
18
What is 6a (base 11) in base 7?
136
What is 28 (base 11) in base 2?
11110
Convert e (base 15) to base 16.
e
Convert 2 (base 4) to base 3.
2
Convert -25 (base 16) to base 3.
-1101
Convert -a8 (base 15) to base 6.
-422
Convert 1 (base 16) to base 10.
1
-5 (base 16) to base 2
-101
What is 11 (base 6) in base 13?
7
-4 (base 13) to base 14
-4
Convert -1110 (base 3) to base 16.
-27
0 (base 6) to base 10
0
What is 0 (base 7) in base 4?
0
Convert 0 (base 6) to base 2.
0
Convert 2 (base 5) to base 15.
2
What is -4 (base 8) in base 11?
-4
What is -123 (base 5) in base 12?
-32
Convert 6 (base 8) to base 7.
6
Convert -10101 (base 2) to base 6.
-33
-1 (base 8) to base 11
-1
What is 121 (base 5) in base 16?
24
What is -301 (base 6) in base 7?
-214
-2 (base 15) to base 4
-2
-31 (base 4) to base 13
-10
What is 20 (base 3) in base 7?
6
What is 103 (base 10) in base 9?
124
44 (base 10) to base 3
1122
Convert -100 (base 7) to base 9.
-54
Convert 3 (base 13) to base 4.
3
Convert -103 (base 6) to base 9.
-43
Convert 214 (base 12) to base 2.
100110000
-123 (base 11) to base 4
-2102
What is 13 (base 4) in base 13?
7
-5 (base 14) to base 7
-5
Convert 21 (base 4) to base 11.
9
What is 3 (base 8) in base 7?
3
What is -125 (base 7) in base 2?
-1000100
What is 26 (base 14) in base 6?
54
Convert 226 (base 10) to base 5.
1401
Convert d6 (base 16) to base 5.
1324
a2 (base 15) to base 2
10011000
Convert 110 (base 10) to base 15.
75
13 (base 11) to base 5
24
Convert 11 (base 5) to base 9.
6
8 (base 12) to base 3
22
What is -11010 (base 2) in base 10?
-26
Convert 2 (base 14) to base 3.
2
Convert 8 (base 9) to base 6.
12
What is -1b (base 13) in base 12?
-20
Convert 1 (base 14) to base 15.
1
Convert -136 (base 9) to base 2.
-1110010
Convert 385 (base 9) to base 16.
140
What is -527 (base 8) in base 4?
-11113
-100100 (base 2) to base 12
-30
Convert -11 (base 4) to base 14.
-5
6 (base 9) to base 13
6
What is -2 (base 14) in base 5?
-2
What is -1 (base 5) in base 3?
-1
32 (base 13) to base 10
41
Convert -19 (base 13) to base 5.
-42
What is 2 (base 9) in base 5?
2
Convert -111 (base 2) to base 12.
-7
What is 6 (base 15) in base 5?
11
-3 (base 5) to base 2
-11
What is 4 (base 7) in base 9?
4
Convert -11 (base 12) to base 3.
-111
Convert 36 (base 12) to base 4.
222
0 (base 6) to base 11
0
21 (base 10) to base 16
15
Convert -5 (base 10) to base 14.
-5
What is -2 (base 8) in base 16?
-2
Convert 1 (base 13) to base 6.
1
Convert 42 (base 9) to base 13.
2c
-4 (base 10) to base 3
-11
6 (base 12) to base 9
6
Convert 101000 (base 2) to base 16.
28
0 (base 6) to base 11
0
Convert 2 (base 3) to base 6.
2
14 (base 10) to base 6
22
What is -11 (base 14) in base 7?
-21
What is 10121 (base 3) in base 12?
81
Convert -4 (base 8) to base 6.
-4
-2 (base 10) to base 5
-2
Convert -23 (base 10) to base 12.
-1b
63 (base 9) to base 3
2010
What is -11 (base 7) in base 15?
-8
Convert 2 (base 10) to base 16.
2
What is 0 (base 14) in base 3?
0
Convert 30 (base 16) to base 10.
48
Convert 0 (base 15) to base 8.
0
4 (base 14) to base 6
4
-4a (base 11) to base 6
-130
Convert b (base 16) to base 8.
13
Convert -77 (base 13) to base 5.
-343
What is 2 (base 11) in base 10?
2
Convert -3 (base 4) to base 8.
-3
Convert 1 (base 3) to base 2.
1
What is -2 (base 8) in base 12?
-2
What is 33 (base 13) in base 16?
2a
-203 (base 5) to base 6
-125
60 (base 8) to base 9
53
Convert -2 (base 8) to base 9.
-2
Convert -4 (base 8) to base 15.
-4
-3 (base 7) to base 15
-3
What is 6 (base 11) in base 8?
6
Convert 2 (base 12) to base 9.
2
What is c (base 14) in base 2?
1100
21 (base 15) to base 7
43
Convert -55 (base 14) to base 4.
-1023
Convert 0 (base 7) to base 2.
0
What is 2120 (base 3) in base 16?
45
What is 84 (base 16) in base 15?
8c
6 (base 15) to base 16
6
Convert -134 (base 7) to base 13.
-59
What is 11 (base 3) in base 15?
4
Convert -2 (base 4) to base 10.
-2
-32 (base 5) to base 12
-15
-22110 (base 3) to base 10
-228
What is -73 (base 10) in base 15?
-4d
Convert 11 (base 6) to base 8.
7
Convert 8 (base 14) to base 2.
1000
What is 4 (base 9) in base 5?
4
1004 (base 6) to base 15
ea
What is 120 (base 8) in base 9?
88
-250 (base 7) to base 4
-2011
Convert -10 (base 4) to base 6.
-4
What is 144 (base 5) in base 2?
110001
What is 26 (base 12) in base 6?
50
-32 (base 4) to base 15
-e
a (base 14) to base 3
101
Convert 46 (base 10) to base 6.
114
-11 (base 2) to base 13
-3
Conv